 number?
False
Is 7111275895 prime?
False
Is 308352502 composite?
True
Is 19554033589 a prime number?
True
Is 70074025683 a prime number?
False
Is 21850193579 a prime number?
False
Is 10725974563 prime?
False
Is 35656310429 a prime number?
True
Is 9461514313 prime?
True
Is 2239364429 prime?
True
Is 1889902681 composite?
False
Is 2520264083 a composite number?
True
Is 4678996747 composite?
False
Is 10003917503 composite?
True
Is 7335623179 prime?
False
Is 2039707049 prime?
True
Is 4557826727 a prime number?
True
Is 480837546897 a prime number?
False
Is 3079129409 prime?
True
Is 1706910281 prime?
True
Is 42995674829 a composite number?
False
Is 46403041 composite?
True
Is 4183435717 a prime number?
True
Is 5652314051 prime?
True
Is 14922813259 a composite number?
True
Is 17475801503 a prime number?
False
Is 15790130183 prime?
True
Is 442188157 prime?
False
Is 3140298823 a prime number?
False
Is 16688893159 a composite number?
False
Is 9547059085 prime?
False
Is 1598260187 a prime number?
False
Is 5859585889 composite?
True
Is 284547891 composite?
True
Is 14324265029 composite?
False
Is 908118401 prime?
True
Is 726496907 a prime number?
False
Is 388488679 composite?
False
Is 776350979 a composite number?
False
Is 2520429869 a composite number?
False
Is 11645203267 composite?
False
Is 2021712513 a prime number?
False
Is 333853469 composite?
True
Is 1075709549 a prime number?
True
Is 3208603747 prime?
True
Is 191207207 a prime number?
False
Is 588796099 composite?
True
Is 1830323135 a composite number?
True
Is 2138660269 composite?
True
Is 85576361573 a composite number?
False
Is 1773629881 a composite number?
False
Is 353087627 prime?
True
Is 1516764251 composite?
False
Is 1327774807 composite?
False
Is 3855619273 a prime number?
False
Is 1009487821 prime?
False
Is 15705581 prime?
False
Is 60594380393 a prime number?
True
Is 44693763911 a composite number?
False
Is 619496497 a prime number?
True
Is 1517325743 a composite number?
False
Is 2734047291 composite?
True
Is 25548712769 composite?
True
Is 142979747177 composite?
True
Is 629066311 composite?
False
Is 5926550711 a composite number?
True
Is 3462419119 a prime number?
False
Is 135976109 composite?
False
Is 30114827 composite?
True
Is 27728381545 prime?
False
Is 2968285519 prime?
True
Is 1866171207 prime?
False
Is 1523396723 a composite number?
False
Is 1312018733 composite?
True
Is 18916230301 a prime number?
True
Is 85023397019 a composite number?
True
Is 9546748619 a composite number?
True
Is 300802451 a prime number?
False
Is 831862601 prime?
False
Is 939988253 composite?
False
Is 3547866737 composite?
True
Is 695193953 a composite number?
False
Is 20639448767 composite?
True
Is 6977245787 prime?
True
Is 173725214261 composite?
False
Is 149587021 prime?
False
Is 847230583 a prime number?
True
Is 149940031 a prime number?
False
Is 78902653 a prime number?
True
Is 44515469281 a composite number?
True
Is 3069667169 a prime number?
False
Is 1438154941 composite?
True
Is 99646934027 a prime number?
False
Is 68867707321 composite?
True
Is 1068569929 a composite number?
True
Is 172795706 composite?
True
Is 27086373341 a prime number?
True
Is 207565951 a composite number?
True
Is 146838871 prime?
True
Is 1577384969 prime?
True
Is 788679571 a composite number?
False
Is 92242015 a composite number?
True
Is 4603474241 a composite number?
True
Is 426269197 a prime number?
True
Is 365268674 prime?
False
Is 4098298741 composite?
False
Is 20921373767 prime?
False
Is 926133077 a prime number?
False
Is 226978362167 composite?
False
Is 2269358143 a composite number?
True
Is 3725954341 prime?
False
Is 365776946 a prime number?
False
Is 2647738693 a prime number?
False
Is 1134650767 prime?
True
Is 275845331 a composite number?
False
Is 1519330229 composite?
True
Is 7849768711 composite?
False
Is 7848368303 a prime number?
True
Is 73347737 a prime number?
True
Is 1536699433 composite?
True
Is 59020030367 prime?
False
Is 1431165007 a prime number?
True
Is 8149017298 prime?
False
Is 2675898133 a composite number?
False
Is 2117321851 prime?
True
Is 39708456301 composite?
False
Is 52110589493 a composite number?
False
Is 103694179969 prime?
True
Is 102305391787 composite?
False
Is 231792971 a composite number?
False
Is 3899213881 composite?
True
Is 148939259981 a composite number?
True
Is 3837083051 prime?
False
Is 17471138173 composite?
False
Is 5200985138 a prime number?
False
Is 3163049609 a prime number?
True
Is 1016044027 prime?
True
Is 11901346649 a prime number?
True
Is 3307176679 composite?
True
Is 42531431 prime?
True
Is 367247761 a composite number?
False
Is 268920393449 a composite number?
False
Is 12737798729 composite?
False
Is 1156081601 a prime number?
True
Is 20142028913 prime?
False
Is 7440271637 a prime number?
True
Is 693325279 prime?
True
Is 2344038001 composite?
True
Is 14964010333 a composite number?
True
Is 229316000561 a composite number?
False
Is 25539699 a prime number?
False
Is 48421544123 composite?
False
Is 245647099 a prime number?
True
Is 19644226577 prime?
True
Is 4169116559 a composite number?
True
Is 13403775293 a prime number?
False
Is 30162346177 prime?
True
Is 3778493363 prime?
True
Is 704557939 a prime number?
False
Is 14776772819 a composite number?
False
Is 25741920059 a prime number?
True
Is 16240281173 composite?
True
Is 445683143 prime?
True
Is 44715865553 composite?
False
Is 1731794489 a composite number?
True
Is 121465490309 a composite number?
False
Is 6319443737 a composite number?
True
Is 195120487 a composite number?
False
Is 10013330629 composite?
False
Is 1570049303 a prime number?
True
Is 38039068393 a composite number?
False
Is 132828133 composite?
False
Is 1264160539 a prime number?
False
Is 1181883701 a composite number?
False
Is 230923313 composite?
False
Is 21316828937 a prime number?
False
Is 18071107 a composite number?
False
Is 1772657967 a prime number?
False
Is 12200959 composite?
True
Is 41328932527 prime?
True
Is 1318944281 composite?
False
Is 51974079007 prime?
True
Is 12185880547 composite?
True
Is 87189720665 a composite number?
True
Is 246623687 a composite number?
True
Is 140711450699 a prime number?
True
Is 3810016537 composite?
True
Is 1437333307 a prime number?
True
Is 24689253397 a composite number?
False
Is 15436841323 a prime number?
False
Is 8107901 a composite number?
True
Is 14604109987 a composite number?
False
Is 26737896923 a prime number?
True
Is 107825547337 a composite number?
True
Is 5023752233 a composite number?
False
Is 25497990433 prime?
False
Is 6131666081 prime?
True
Is 54279412037 composite?
False
Is 2488795831 a composite number?
False
Is 15119246746 a prime number?
False
Is 165892297 a prime number?
True
Is 4667118671 a prime number?
False
Is 15433954819 prime?
False
Is 23896038467 a prime number?
False
Is 1034741623 composite?
False
Is 64384571219 a prime number?
False
Is 30736740581 composite?
False
Is 1599330101 a prime number?
True
Is 8791482317 a prime number?
True
Is 2080233697 a prime number?
True
Is 478083499 prime?
False
Is 15755989639 a composite number?
True
Is 28058547211 a composite number?
True
Is 111971548313 prime?
False
Is 9869010103 composite?
True
Is 8312520497 composite?
False
Is 2030278253 composite?
False
Is 16613034989 prime?
True
Is 18938620243 composite?
False
Is 27664254221 a composite number?
False
Is 1232978219 a prime number?
False
Is 105316649 a prime number?
False
Is 1726209931 a prime number?
False
Is 333527603 composite?
True
Is 54106600811 a prime number?
True
Is 5681679893 a prime number?
True
Is 1849892797 a composite number?
True
Is 188853451 prime?
True
Is 107064811 prime?
False
Is 5014862059 a prime number?
True
Is 11639368837 prime?
True
Is 78903923591 composite?
True
Is 156480254503 prime?
True
Is 1811561851 a composite number?
True
Is 10221017071 a composite number?
True
Is 1712727139 composite?
False
Is 11039489 a composite number?
False
Is 323834713505 prime?
False
Is 26704438609 a composite number?
True
Is 43661466691 composite?
True
Is 220295999393 composite?
False
Is 7845750383 a prime number?
False
Is 117149917 a composite number?
False
Is 208610249693 a prime number?
True
Is 1585316441 a composite number?
False
Is 1426623311 a prime number?
True
Is 389743147 prime?
Tru